he prime factors of 1170?
2, 3, 5, 13
What are the prime factors of 5556?
2, 3, 463
List the prime factors of 1427.
1427
What are the prime factors of 111887?
127, 881
List the prime factors of 22321.
13, 17, 101
What are the prime factors of 8395?
5, 23, 73
What are the prime factors of 666?
2, 3, 37
List the prime factors of 1786.
2, 19, 47
List the prime factors of 80498.
2, 11, 3659
What are the prime factors of 227?
227
What are the prime factors of 1341?
3, 149
List the prime factors of 13188.
2, 3, 7, 157
List the prime factors of 33814.
2, 11, 29, 53
List the prime factors of 1594.
2, 797
List the prime factors of 30151.
11, 2741
What are the prime factors of 9459?
3, 1051
List the prime factors of 218.
2, 109
List the prime factors of 4917.
3, 11, 149
What are the prime factors of 89440?
2, 5, 13, 43
List the prime factors of 2845.
5, 569
What are the prime factors of 6008?
2, 751
List the prime factors of 9546.
2, 3, 37, 43
List the prime factors of 23661.
3, 11, 239
List the prime factors of 17851.
17851
What are the prime factors of 148981?
7, 21283
What are the prime factors of 3092?
2, 773
List the prime factors of 14826.
2, 3, 7, 353
What are the prime factors of 320?
2, 5
List the prime factors of 325.
5, 13
What are the prime factors of 2?
2
List the prime factors of 2690.
2, 5, 269
What are the prime factors of 59397?
3, 13, 1523
List the prime factors of 1890.
2, 3, 5, 7
What are the prime factors of 1807?
13, 139
What are the prime factors of 51003?
3, 1889
List the prime factors of 15911.
7, 2273
List the prime factors of 5325.
3, 5, 71
What are the prime factors of 2092?
2, 523
List the prime factors of 19165.
5, 3833
What are the prime factors of 3726?
2, 3, 23
List the prime factors of 53756.
2, 89, 151
List the prime factors of 11497.
11497
What are the prime factors of 22814?
2, 11, 17, 61
List the prime factors of 12288.
2, 3
What are the prime factors of 7349?
7349
List the prime factors of 3458.
2, 7, 13, 19
List the prime factors of 106886.
2, 13, 4111
What are the prime factors of 1040?
2, 5, 13
What are the prime factors of 48509?
179, 271
What are the prime factors of 809?
809
List the prime factors of 285.
3, 5, 19
List the prime factors of 17643.
3, 5881
List the prime factors of 2104.
2, 263
What are the prime factors of 1108?
2, 277
What are the prime factors of 850?
2, 5, 17
What are the prime factors of 37011?
3, 13, 73
What are the prime factors of 1598?
2, 17, 47
List the prime factors of 17109.
3, 1901
What are the prime factors of 12787?
19, 673
What are the prime factors of 12455?
5, 47, 53
What are the prime factors of 18546?
2, 3, 11, 281
List the prime factors of 2735.
5, 547
What are the prime factors of 19567?
17, 1151
What are the prime factors of 762?
2, 3, 127
What are the prime factors of 14301?
3, 7, 227
List the prime factors of 78071.
7, 19, 587
List the prime factors of 35031.
3, 11677
List the prime factors of 2543.
2543
What are the prime factors of 9192?
2, 3, 383
What are the prime factors of 1465?
5, 293
What are the prime factors of 67?
67
What are the prime factors of 97082?
2, 48541
What are the prime factors of 55452?
2, 3, 4621
List the prime factors of 314.
2, 157
List the prime factors of 925.
5, 37
List the prime factors of 10763.
47, 229
What are the prime factors of 3506?
2, 1753
What are the prime factors of 5301?
3, 19, 31
List the prime factors of 5076.
2, 3, 47
What are the prime factors of 72726?
2, 3, 17, 23, 31
List the prime factors of 5877.
3, 653
What are the prime factors of 21162?
2, 3, 3527
List the prime factors of 406.
2, 7, 29
What are the prime factors of 2805?
3, 5, 11, 17
List the prime factors of 15173.
15173
List the prime factors of 119072.
2, 61
What are the prime factors of 222?
2, 3, 37
List the prime factors of 7103.
7103
What are the prime factors of 646?
2, 17, 19
What are the prime factors of 33078?
2, 3, 37, 149
What are the prime factors of 3846?
2, 3, 641
List the prime factors of 14299.
79, 181
What are the prime factors of 18361?
7, 43, 61
What are the prime factors of 1835?
5, 367
List the prime factors of 36272.
2, 2267
What are the prime factors of 3579?
3, 1193
List the prime factors of 1299.
3, 433
What are the prime factors of 32745?
3, 5, 37, 59
What are the prime factors of 12154?
2, 59, 103
List the prime factors of 28550.
2, 5, 571
What are the prime factors of 53617?
53617
List the prime factors of 119.
7, 17
What are the prime factors of 1037?
17, 61
List the prime factors of 462.
2, 3, 7, 11
What are the prime factors of 1016?
2, 127
What are the prime factors of 17186?
2, 13, 661
List the prime factors of 14668.
2, 19, 193
What are the prime factors of 7050?
2, 3, 5, 47
What are the prime factors of 1048?
2, 131
What are the prime factors of 1059?
3, 353
What are the prime factors of 520?
2, 5, 13
What are the prime factors of 7668?
2, 3, 71
List the prime factors of 2068.
2, 11, 47
List the prime factors of 4615.
5, 13, 71
What are the prime factors of 980?
2, 5, 7
List the prime factors of 4019.
4019
What are the prime factors of 3316?
2, 829
List the prime factors of 17609.
17609
List the prime factors of 2889.
3, 107
What are the prime factors of 41606?
2, 71, 293
List the prime factors of 6765.
3, 5, 11, 41
What are the prime factors of 3060?
2, 3, 5, 17
What are the prime factors of 3182?
2, 37, 43
What are the prime factors of 5316?
2, 3, 443
List the prime factors of 12062.
2, 37, 163
List the prime factors of 19221.
3, 43, 149
What are the prime factors of 690?
2, 3, 5, 23
What are the prime factors of 47553?
3, 11, 131
List the prime factors of 142.
2, 71
What are the prime factors of 4694?
2, 2347
What are the prime factors of 889?
7, 127
List the prime factors of 12977.
19, 683
What are the prime factors of 151856?
2, 9491
List the prime factors of 1537.
29, 53
What are the prime factors of 20695?
5, 4139
List the prime factors of 5862.
2, 3, 977
List the prime factors of 621.
3, 23
List the prime factors of 1981.
7, 283
What are the prime factors of 7074?
2, 3, 131
What are the prime factors of 45537?
3, 43, 353
What are the prime factors of 1953?
3, 7, 31
List the prime factors of 136341.
3, 15149
What are the prime factors of 5521?
5521
What are the prime factors of 6176?
2, 193
List the prime factors of 11230.
2, 5, 1123
List the prime factors of 9050.
2, 5, 181
List the prime factors of 395.
5, 79
List the prime factors of 854.
2, 7, 61
What are the prime factors of 44967?
3, 13, 1153
What are the prime factors of 1863?
3, 23
List the prime factors of 227.
227
What are the prime factors of 12829?
12829
What are the prime factors of 31558?
2, 31, 509
What are the prime factors of 63837?
3, 41, 173
List the prime factors of 89172.
2, 3, 2477
List the prime factors of 378.
2, 3, 7
What are the prime factors of 150226?
2, 31, 2423
What are the prime factors of 15385?
5, 17, 181
List the prime factors of 175027.
181, 967
What are the prime factors of 8475?
3, 5, 113
List the prime factors of 62430.
2, 3, 5, 2081
What are the prime factors of 3343?
3343
What are the prime factors of 398?
2, 199
List the prime factors of 8050.
2, 5, 7, 23
List the prime factors of 7225.
5, 17
List the prime factors of 3219.
3, 29, 37
List the prime factors of 2208.
2, 3, 23
List the prime factors of 1400.
2, 5, 7
List the prime factors of 3059.
7, 19, 23
List the prime factors of 510.
2, 3, 5, 17
List the prime factors of 6635.
5, 1327
What are the prime factors of 1013?
1013
List the prime factors of 65915.
5, 13183
What are the prime factors of 3644?
2, 911
What are the prime factors of 78717?
3, 19, 1381
What are the prime factors of 3367?
7, 13, 37
List the prime factors of 14929.
14929
What are the prime factors of 98152?
2, 12269
List the prime factors of 595.
5, 7, 17
List the prime factors of 14146.
2, 11, 643
List the prime factors of 1042.
2, 521
What are the prime factors of 10127?
13, 19, 41
List the prime factors of 3046.
2, 1523
List the prime factors of 4160.
2, 5, 13
List the prime factors of 72377.
157, 461
What are the prime factors of 135673?
211, 643
List the prime factors of 142.
2, 71
What are the prime factors of 2794?
2, 11, 127
List the prime factors of 95182.
2, 47591
What are the prime factors of 3849